-20))?
1
Suppose -11*q + 14*q + 153 = 0. Let n = -60 - q. What is the tens digit of ((-6)/4)/(n/444)?
7
Let f = 55 + -58. Let r be (1 + 0 + -2)*f. Suppose -p + 2*q - 5 = 0, r*q - 18 = -p - p. What is the units digit of p?
3
Let u = 27070 - 16972. What is the thousands digit of u?
0
Suppose -10*u = -7*u - 12. Let n be 2/(u/242 - 0). Suppose 0 = -4*d + 5*c + 372, 5*c = 3*d - 405 + n. What is the tens digit of d?
8
Let f be 1/(40/15 + -3). Let q be 1*(4 + -3) - f. Suppose -97 = -b + q*h, 170 = 2*b - h - h. What is the tens digit of b?
8
Suppose -9*q + 8 = -7*q. Suppose -7*v = -8*v - 5*w + 325, -2*v + 650 = q*w. What is the units digit of v?
5
Let b = 11018 - 3570. What is the units digit of b?
8
Suppose 11*v + 14508 = -2*v. What is the hundreds digit of (v/8 - -1)*16/(-8)?
2
Suppose -3 = 3*y, 4*d - 586 = y + y. What is the tens digit of -151 + d - (210/(-2) - -1)?
9
Let s(w) = 14*w**2 - 43*w + 530. What is the hundreds digit of s(36)?
1
Suppose 2*u - u = 0. Suppose -2*p + z + 197 = -u*p, 3*z = -9. Suppose 158 = 5*h - 3*m, -2*h + p = h - 4*m. What is the tens digit of h?
3
Suppose 4*d + 634*c - 638*c - 3620 = 0, c - 1807 = -2*d. What is the hundreds digit of d?
9
Suppose 2*m + 3*z - 24 - 4 = 0, 5*m = -2*z + 48. Suppose m*u - 9392 = -8*u. What is the hundreds digit of u?
5
Suppose 441814 = -180*i + 2031754. What is the tens digit of i?
3
Suppose -8*j + 5 + 59 = 0. Let g = -3 - j. Let f = g - -63. What is the tens digit of f?
5
Let l = -330 + 628. Suppose 2572 + l = 7*k. What is the tens digit of k?
1
Let h = 12656 - -3728. Suppose 37*z = 21*z + h. What is the tens digit of z?
2
Suppose 23 = 7*t - 40. Suppose -t*j + 13*j = 112. Let w = j + -23. What is the units digit of w?
5
Suppose 0 = -5*p + 3*h + 300765, 18*p + h = 16*p + 120317. What is the thousands digit of p?
0
Suppose 0 = 4247*k - 4230*k - 241791. What is the ten thousands digit of k?
1
Let n(c) = -201*c - 211*c + 376*c - 2*c**2 - 23. What is the hundreds digit of n(-10)?
1
Let b = -60 + 106. Let c(o) = -28*o - b - o**2 - 25*o + 18*o + 0*o**2. What is the hundreds digit of c(-23)?
2
Let s(c) = 37 - 12*c - 26*c - 2 - 16*c. What is the hundreds digit of s(-2)?
1
Let b = 23501 + 3111. What is the tens digit of b?
1
Let z(u) = 416*u**3 - 14*u**2 + 7*u + 11. What is the units digit of z(3)?
8
Let q(b) = -461*b**3 - 7*b**2 - 22*b + 3. What is the ten thousands digit of q(-3)?
1
Let w be (-16)/6 + 24/36. What is the tens digit of w/48*2 + 9361/12?
8
Let z(n) = 8*n**2 + 3*n - 1. Let b be z(3). Let p be ((-182)/65)/(8/(-10))*2. Suppose p*j = 5*j + b. What is the units digit of j?
0
Suppose 2*x + 1030 = 5*y, 2*y - 401 = 2*x + x. Let r = -118 + y. Let j = 201 - r. What is the hundreds digit of j?
1
Let u(i) = i**3 + 75*i**2 + 66*i - 228. What is the units digit of u(-73)?
2
Let o = -65273 + 99410. What is the units digit of o?
7
Suppose -42*s + 21*s + 84 = 0. Let j = 2 - 0. Suppose -s*f + 203 = -5*d, -j*f + 256 = 3*f - 4*d. What is the units digit of f?
2
Suppose 0 = -34*s + 65*s - 65906. Let q = -1276 + s. What is the tens digit of q?
5
Suppose 4*g - 8 - 9 = 3*p, -4*g - 2*p + 2 = 0. Suppose -4*z - 4*c + 1424 = 0, 0*z + 4*c = -g*z + 712. What is the hundreds digit of z?
3
Let n(a) = a - 17. Let p be n(13). Let s(v) = -48*v - 25. Let t(q) = q - 1. Let w(i) = s(i) + 3*t(i). What is the tens digit of w(p)?
5
Let l(j) = j**3 + 41*j**2 - 37*j + 62. Let y(p) = -p**3 - 39*p**2 + 37*p - 62. Let g(t) = -5*l(t) - 6*y(t). What is the hundreds digit of g(-30)?
2
Let a be 19 - ((-2)/8 - 130/(-104)). What is the hundreds digit of (a/63)/(3/7119)?
6
Let j(v) = 629 + 28*v - 606 + 47*v. What is the units digit of j(7)?
8
Suppose -19*z + 27*z = -48. What is the hundreds digit of (-13699)/(-14) - (-15)/z?
9
Suppose -3*i - 4*t + 31 = 0, -5*i + 11*t - 9*t = -17. Suppose 0 = 3*y + i*f - 2806, 2*f = -4*y - 732 + 4464. What is the hundreds digit of y?
9
Let r = -1 - 25. Let n(j) = j**3 + 27*j**2 + 26*j + 2. Let o be n(r). Let i(h) = 13*h**3 + 3*h**2 - 3*h. What is the tens digit of i(o)?
1
Let z(s) = -11*s + 67*s**3 + 13*s + 5 - 21*s**3 - 5*s. Let o be z(2). Let v = o + -128. What is the units digit of v?
9
Let d = 44 - 37. Suppose d + 11 = -2*c. Let i(q) = q**3 + 11*q**2 + 12*q + 10. What is the tens digit of i(c)?
6
Suppose -57 = 15*g - 12. Let t = 1031 - g. What is the thousands digit of t?
1
What is the hundreds digit of (2 - -31)*(1829 + 297)?
1
Let g(d) be the third derivative of 0*d + 2/3*d**3 - 17*d**2 + 2/3*d**4 + 0. What is the tens digit of g(14)?
2
What is the ten thousands digit of 7911/(30 - 21)*21*1?
1
Suppose 3*k - 3374 + 15007 = 5*s, 5*k - 4647 = -2*s. Suppose 8896 = 5*a + y + s, 0 = 5*a + 5*y - 6590. What is the units digit of a?
3
Let f(y) = y + 11. Let g be f(-6). Suppose -1196 = 9*i - g*i. Let k = i + 420. What is the tens digit of k?
2
Let p = 549 - 516. Suppose -3*r + 2285 = q, r + 29*q = p*q + 753. What is the units digit of r?
1
Suppose 32*w = 111*w + 322076 - 1633792. What is the hundreds digit of w?
6
Let u = -177 + 87. Let w = u + 523. What is the tens digit of w?
3
Suppose 0*t = -14*t - 427 + 3829. What is the units digit of t?
3
Suppose 3*a - 1644 = a. Suppose 0*n - a = -3*n. What is the tens digit of n?
7
Let b(f) = 3*f**2 - 6*f + 19. Let u(w) = -10*w**2 + 13*w - 38. Let c(p) = -5*b(p) - 2*u(p). What is the units digit of c(-11)?
2
Let o be 5 + ((-366)/(-54) - 4/(-18)). What is the hundreds digit of ((o/(-15))/(-1))/((-8)/(-2020))?
2
Suppose 1427 - 224 = -3*b. Let o = 57 - b. What is the hundreds digit of o?
4
What is the tens digit of 152*(1348/6)/((-52)/(-39))?
1
What is the hundreds digit of -58542*(4 - (2/(-3) + 5))?
5
Suppose 5*q - 938 = 697. Let j = 474 + q. Suppose 14*o - j = 2797. What is the units digit of o?
7
Let k(b) be the second derivative of 37*b**4/12 + 4*b**3/3 - 3*b**2/2 - 87*b. What is the tens digit of k(-4)?
5
Let f be 51974/12 - 41/246. Suppose 1393 = 6*s - f. What is the units digit of s?
4
Suppose 40 - 568 = -33*n. Let x(p) = -p**3 + 2*p**2 + 4*p - 2. Let s be x(3). What is the tens digit of ((-468)/n)/(s/(-4))?
1
Suppose 3*f + 5*p = 126, 2*f = -0*f + 2*p + 84. Let i = 64 - f. Suppose 28*g = i*g + 798. What is the units digit of g?
3
Suppose 0 = -3*g + 5*m + 2019, -g + 5*m = -401 - 272. Let d = -200 + g. What is the tens digit of d?
7
Let y(g) = g**2 - 37*g + 70. Let h be y(25). Let n be (1 - 0)/((-10)/(-3270)). Let t = h + n. What is the units digit of t?
7
Suppose w + 251 + 250 = -3*v, -3*w + 3*v = 1443. Let t = w - -957. What is the hundreds digit of t?
4
Let r be (-10 - -92) + (1 - 2 - 2). Let n = 265 + r. What is the tens digit of n?
4
Let q = 1720 + 9. Suppose -3*d + 1715 = -5*a, d - 2*a + q = 4*d. What is the tens digit of d?
7
Let v(w) = 380*w**3 + w**2 - 1. Let f be v(-1). Let o(m) = m**3 - 13*m**2 - 15*m + 12. Let l be o(14). What is the tens digit of (f/8 - -1)/(1/l)?
9
Let m(v) = 983*v + 2756. What is the thousands digit of m(20)?
2
Suppose 0 = 2*b - 3*b. Suppose 5*o + 5*p - 2480 = b, -7*p = -4*o - 2*p + 2011. What is the units digit of o?
9
Let x = -2528 + 4714. What is the units digit of x?
6
Let b(a) = -6*a - 64. Let m(l) be the second derivative of 2*l**3/3 + 43*l**2/2 - 11*l. Let v(k) = 5*b(k) + 8*m(k). What is the tens digit of v(9)?
4
Suppose -1534916 - 2178110 - 549744 = -185*r. What is the ten thousands digit of r?
2
Suppose -3*k + 1830 = 4*p, k = 2*p - 1060 + 150. What is the units digit of p?
6
Suppose -260 = 29*j - 25*j. What is the units digit of (-124852)/j + (-1)/(-5)?
1
Suppose t - 5*t = 2*b - 120588, -t + 30168 = -3*b. What is the hundreds digit of t?
1
Suppose 24 + 7 = -n - 5*d, -5*n - 39 = -4*d. Suppose 2*t = 2*l + 196, 2*l + 3*t + 35 + 166 = 0. What is the units digit of (-442)/n - (-18)/l?
0
What is the tens digit of 63/(-9) + 6/(5*12/32970)?
9
Suppose -106*o - 11136 = -109*o - 2*c, c - 7422 = -2*o. What is the tens digit of o?
0
Let a be -1 + 25 + -4 + -3. Let v = -23 + a. What is the hundreds digit of (-210)/(v - -4)*1?
1
Let m = -89 - -94. Suppose m*q - 209 + 209 = 0. Suppose 0*u - 14*u + 518 = q. What is the units digit of u?
7
Let n(b) be the first derivative of 19/2*b**2 + 16*b + 25 + 2/3*b**3. What is the units digit of n(-9)?
7
Suppose 3*y + 96 = 35*y. Suppose y*t - 3*r - 3996 = 0, 2*t - 2664 = 3*r - 8*r. What is the thousand